 95980211
List the prime factors of 56872405.
5, 2099, 5419
List the prime factors of 774452604.
2, 3, 127, 508171
What are the prime factors of 53365538?
2, 3529, 7561
List the prime factors of 76887946.
2, 19, 109, 977
What are the prime factors of 35406560?
2, 5, 7, 101, 313
What are the prime factors of 220129251?
3, 23, 883, 3613
List the prime factors of 707905118.
2, 181, 1955539
What are the prime factors of 83316377?
83316377
What are the prime factors of 61934178?
2, 3, 10322363
List the prime factors of 300630003.
3, 100210001
What are the prime factors of 37381927?
11, 3398357
What are the prime factors of 79400047?
17, 4670591
List the prime factors of 103885370.
2, 5, 2467, 4211
What are the prime factors of 496444038?
2, 3, 8219, 10067
What are the prime factors of 22135044?
2, 3, 883, 2089
List the prime factors of 536860073.
536860073
What are the prime factors of 41955706?
2, 13, 37, 43613
List the prime factors of 1458217815.
3, 5, 67, 1450963
What are the prime factors of 111010775?
5, 157, 28283
List the prime factors of 3344723626.
2, 1672361813
What are the prime factors of 746037610?
2, 5, 137, 631, 863
List the prime factors of 623135213.
2069, 301177
List the prime factors of 95848705.
5, 23, 833467
List the prime factors of 64674338.
2, 32337169
List the prime factors of 37208034.
2, 3, 547, 3779
List the prime factors of 2087011628.
2, 13, 23, 1744993
List the prime factors of 53405838.
2, 3, 829, 1193
List the prime factors of 30291855.
3, 5, 11, 183587
List the prime factors of 1914780.
2, 3, 5, 7, 47, 97
List the prime factors of 48429144.
2, 3, 224209
What are the prime factors of 6050649032?
2, 9133, 82813
What are the prime factors of 69662830?
2, 5, 1021, 6823
What are the prime factors of 187940889?
3, 23, 907927
What are the prime factors of 20151923?
11, 1831993
List the prime factors of 19926983.
19926983
What are the prime factors of 14308939?
14308939
What are the prime factors of 525609585?
3, 5, 11680213
List the prime factors of 806271406.
2, 403135703
What are the prime factors of 255927597?
3, 211, 404309
List the prime factors of 13967526.
2, 3, 2327921
List the prime factors of 159615275.
5, 29, 137, 1607
List the prime factors of 84724304.
2, 7, 756467
What are the prime factors of 141218014?
2, 7, 17, 593353
What are the prime factors of 430315436?
2, 73, 163, 9041
What are the prime factors of 420178763?
1087, 386549
List the prime factors of 45128448.
2, 3, 6529
What are the prime factors of 89996374?
2, 13, 3461399
List the prime factors of 11678522.
2, 41, 142421
List the prime factors of 8521053958.
2, 3581, 1189759
List the prime factors of 1259286127.
11, 114480557
List the prime factors of 281372793.
3, 13, 1499, 4813
What are the prime factors of 173725017?
3, 4787, 12097
List the prime factors of 534359174.
2, 1993, 134059
What are the prime factors of 2154448435?
5, 430889687
List the prime factors of 5618180.
2, 5, 280909
List the prime factors of 214721295.
3, 5, 1097, 13049
List the prime factors of 971635671.
3, 41, 1021, 2579
List the prime factors of 768764836.
2, 7, 37, 43, 17257
List the prime factors of 244515339.
3, 1171, 23201
What are the prime factors of 22767715?
5, 4553543
What are the prime factors of 530496151?
67, 7917853
What are the prime factors of 294824214?
2, 3, 37, 149, 2971
What are the prime factors of 149827530?
2, 3, 5, 41, 2971
List the prime factors of 5197291254.
2, 3, 288738403
List the prime factors of 2787250436.
2, 17, 29, 1413413
List the prime factors of 6354118187.
19, 334427273
What are the prime factors of 113239010?
2, 5, 109, 103889
List the prime factors of 58356182.
2, 19, 1535689
List the prime factors of 23668617.
3, 7, 59, 2729
What are the prime factors of 68822682?
2, 3, 41, 279767
What are the prime factors of 4148121625?
5, 31, 127, 8429
What are the prime factors of 136587207?
3, 83, 548543
List the prime factors of 48033346.
2, 71, 338263
What are the prime factors of 46612933?
31, 37, 40639
What are the prime factors of 313331489?
19, 191, 86341
List the prime factors of 47898044.
2, 17, 43, 16381
What are the prime factors of 1802262845?
5, 5021, 71789
What are the prime factors of 70288456?
2, 7, 37, 33923
List the prime factors of 403431600.
2, 3, 5, 11, 13, 2351
What are the prime factors of 143348167?
23, 47, 132607
What are the prime factors of 60030022?
2, 13, 59, 39133
What are the prime factors of 1019827841?
17, 1871, 32063
List the prime factors of 107203388.
2, 3539, 7573
What are the prime factors of 62589075?
3, 5, 863, 967
List the prime factors of 975310066.
2, 47, 10375639
What are the prime factors of 1958142263?
7, 11, 17, 29, 7369
What are the prime factors of 84488880?
2, 3, 5, 7, 50291
What are the prime factors of 93294420?
2, 3, 5, 347, 4481
List the prime factors of 24110117.
24110117
What are the prime factors of 312349065?
3, 5, 7, 101, 29453
List the prime factors of 8895943858.
2, 563, 821, 9623
List the prime factors of 2257212840.
2, 3, 5, 18810107
List the prime factors of 1508530665.
3, 5, 100568711
What are the prime factors of 1206113338?
2, 83, 2011, 3613
What are the prime factors of 334189325?
5, 317, 42169
List the prime factors of 168494765.
5, 31, 47, 101, 229
List the prime factors of 722704387.
19, 37, 1028029
What are the prime factors of 324374671?
17, 37, 43, 67, 179
List the prime factors of 100957853.
100957853
What are the prime factors of 37260045?
3, 5, 19, 43579
List the prime factors of 58645804.
2, 7, 149, 14057
List the prime factors of 938859353.
938859353
What are the prime factors of 848347807?
848347807
What are the prime factors of 1846831685?
5, 937, 394201
List the prime factors of 1426048277.
23, 71, 227, 3847
What are the prime factors of 375472857?
3, 125157619
What are the prime factors of 4836483282?
2, 3, 157, 191, 26881
List the prime factors of 7112446.
2, 11, 113, 2861
List the prime factors of 258817799.
113, 2290423
What are the prime factors of 70321211?
43, 1635377
List the prime factors of 4316053468.
2, 1079013367
What are the prime factors of 213318798?
2, 3, 7, 11, 83, 5563
What are the prime factors of 203464102?
2, 433, 234947
List the prime factors of 1139527900.
2, 5, 7, 271, 6007
What are the prime factors of 1070471720?
2, 5, 1163, 23011
List the prime factors of 3882575.
5, 155303
List the prime factors of 598253161.
11, 23, 214967
What are the prime factors of 1493183224?
2, 13, 3083, 4657
What are the prime factors of 71328718?
2, 587, 60757
What are the prime factors of 22065769?
11, 31, 64709
List the prime factors of 2005814844.
2, 3, 11, 37, 136897
What are the prime factors of 189578066?
2, 113, 167, 5023
What are the prime factors of 250527708?
2, 3, 17, 136453
List the prime factors of 7689501.
3, 197, 4337
List the prime factors of 40223585.
5, 31, 259507
What are the prime factors of 467359786?
2, 233679893
What are the prime factors of 84606807?
3, 17, 1658957
List the prime factors of 1656994372.
2, 11, 103, 131, 2791
What are the prime factors of 144710572?
2, 23, 373, 4217
What are the prime factors of 344674366?
2, 23, 7492921
List the prime factors of 75413813.
1129, 66797
What are the prime factors of 1282501527?
3, 31, 179, 77041
List the prime factors of 124136645.
5, 757, 32797
List the prime factors of 87994221.
3, 7, 1583, 2647
What are the prime factors of 282737218?
2, 157, 631, 1427
What are the prime factors of 104339371?
37, 43, 65581
What are the prime factors of 2226992122?
2, 307, 3627023
What are the prime factors of 413200244?
2, 23, 43, 149, 701
List the prime factors of 3995137486.
2, 19, 8317, 12641
List the prime factors of 2022958875.
3, 5, 7, 89, 1237
List the prime factors of 1572100525.
5, 2791, 22531
What are the prime factors of 96922951?
179, 541469
List the prime factors of 839260619.
181, 4636799
What are the prime factors of 229961244?
2, 3, 17, 101, 11161
List the prime factors of 120958361.
593, 203977
List the prime factors of 163414235.
5, 89, 157, 2339
What are the prime factors of 342264698?
2, 227, 521, 1447
What are the prime factors of 1166367133?
1166367133
What are the prime factors of 21841588?
2, 71, 76907
List the prime factors of 6560846427.
3, 67, 32641027
List the prime factors